{"id":60,"date":"2017-02-21T15:56:55","date_gmt":"2017-02-21T15:56:55","guid":{"rendered":"http:\/\/la-rechapee-belle.com\/?page_id=60"},"modified":"2024-07-11T10:18:12","modified_gmt":"2024-07-11T10:18:12","slug":"bijoux-en-chambre-a-air","status":"publish","type":"page","link":"https:\/\/la-rechapee-belle.com\/index.php\/bijoux-en-chambre-a-air\/","title":{"rendered":"Bijoux en chambres \u00e0 air recycl\u00e9es &#8211; La Rechap\u00e9e Belle"},"content":{"rendered":"<div id=\"pl-60\"  class=\"panel-layout\" ><div id=\"pg-60-0\"  class=\"panel-grid panel-no-style\" ><div id=\"pgc-60-0-0\"  class=\"panel-grid-cell\" ><div id=\"panel-60-0-0-0\" class=\"so-panel widget widget_sow-editor panel-first-child panel-last-child\" data-index=\"0\" ><div\n\t\t\t\n\t\t\tclass=\"so-widget-sow-editor so-widget-sow-editor-base\"\n\t\t\t\n\t\t><h3 class=\"widget-title\">Cr\u00e9ations originales fabriqu\u00e9es en Alsace<\/h3>\n<div class=\"siteorigin-widget-tinymce textwidget\">\n\t<h2 style=\"text-align: center;\"><span style=\"color: #003300;\"><em><strong>Nous transformons de vieilles chambres \u00e0 air de v\u00e9los, voitures, camions et tracteurs en bijoux.<\/strong><\/em><\/span><\/h2>\n<p style=\"text-align: center;\">Quel plus bel avenir offrir \u00e0 une pauvre vieille chambre \u00e0 air crev\u00e9e, que d'embellir encore plus une jolie femme. Voil\u00e0 notre fa\u00e7on \u00e0 nous de recycler ce mat\u00e9riau qui pourtant, \u00e0 la base, n'est pas tr\u00e8s glamour...<\/p>\n<p>Dans notre gamme de bijoux vous trouverez des mod\u00e8les diff\u00e9rents, ainsi que quelques parures telles que les mod\u00e8les \"Brindilles\" et \"Fl\u00e8che\". D'autres mod\u00e8les existent en colliers et boucles d'oreilles assortis, tel que \"Volute\". D'autres encore existent en colliers et bracelets, tel que \"Dentelle\". Mais on peut tr\u00e8s bien m\u00e9langer les genres en choisissant des bijoux d\u00e9pareill\u00e9s.<\/p>\n<p style=\"text-align: center;\">Tous nos mod\u00e8les sont mont\u00e9s sur des chaines et fermetures sans nickel, cadmium et respectueuses des crit\u00e8res europ\u00e9ens. Sur simple demande de votre part (et moyennant un petit suppl\u00e9ment), nous pouvons monter les boucles d'oreilles sur des crochets en <span style=\"color: #003300;\">argent<\/span>.<\/p>\n<p style=\"text-align: center;\"><em><span style=\"color: #0000ff;\">Pour voir tous nos mod\u00e8les cliquez sur les gammes, parcourez les, et en\u00a0pla\u00e7ant le curseur de votre souris sur\u00a0le mod\u00e8le choisi, vous verrez appara\u00eetre son nom et son prix. Attention, certains mod\u00e8les de boucles d'oreilles existent en deux tailles, et pour les bracelets, nous vous conseillons de mesurer le tour de votre poignet, et de nous indiquer la taille, nous ferons en fonction (nos tailles tiennent compte de la marge de confort). Pour l'instant, ce site n'est pas un site commercial, il vous faut donc nous laisser un message dans le <a href=\"http:\/\/la-rechapee-belle.com\/index.php\/accueil\/\">formulaire <\/a>de contact, et nous vous r\u00e9pondrons au plus vite.<\/span><\/em><\/p>\n<\/div>\n<\/div><\/div><\/div><\/div><div id=\"pg-60-1\"  class=\"panel-grid panel-no-style\" ><div id=\"pgc-60-1-0\"  class=\"panel-grid-cell\" ><div id=\"panel-60-1-0-0\" class=\"so-panel widget widget_sow-slider panel-first-child panel-last-child\" data-index=\"1\" ><div\n\t\t\t\n\t\t\tclass=\"so-widget-sow-slider so-widget-sow-slider-default-6d39609536fd-60\"\n\t\t\t\n\t\t>\t\t\t\t<div class=\"sow-slider-base\" style=\"display: none\" tabindex=\"0\">\n\t\t\t\t\t<ul\n\t\t\t\t\tclass=\"sow-slider-images\"\n\t\t\t\t\tdata-settings=\"{&quot;pagination&quot;:true,&quot;speed&quot;:800,&quot;timeout&quot;:8000,&quot;paused&quot;:false,&quot;pause_on_hover&quot;:false,&quot;swipe&quot;:true,&quot;nav_always_show_desktop&quot;:&quot;&quot;,&quot;nav_always_show_mobile&quot;:&quot;&quot;,&quot;breakpoint&quot;:&quot;780px&quot;,&quot;unmute&quot;:false,&quot;anchor&quot;:null}\"\n\t\t\t\t\t\t\t\t\t\tdata-anchor-id=\"\"\n\t\t\t\t>\t\t<li class=\"sow-slider-image\" style=\"visibility: visible;;background-color: #dd3333\" >\n\t\t\t\t\t\t<img loading=\"lazy\" decoding=\"async\" width=\"594\" height=\"385\" src=\"https:\/\/i0.wp.com\/la-rechapee-belle.com\/wp-content\/uploads\/2017\/03\/4-mains.jpg?fit=594%2C385&amp;ssl=1\" class=\"sow-slider-background-image\" alt=\"\" style=\"\" srcset=\"https:\/\/i0.wp.com\/la-rechapee-belle.com\/wp-content\/uploads\/2017\/03\/4-mains.jpg?w=594&amp;ssl=1 594w, https:\/\/i0.wp.com\/la-rechapee-belle.com\/wp-content\/uploads\/2017\/03\/4-mains.jpg?resize=300%2C194&amp;ssl=1 300w\" sizes=\"auto, (max-width: 594px) 100vw, 594px\" data-attachment-id=\"353\" data-permalink=\"https:\/\/la-rechapee-belle.com\/4-mains\/\" data-orig-file=\"https:\/\/i0.wp.com\/la-rechapee-belle.com\/wp-content\/uploads\/2017\/03\/4-mains.jpg?fit=594%2C385&amp;ssl=1\" data-orig-size=\"594,385\" data-comments-opened=\"1\" data-image-meta=\"{&quot;aperture&quot;:&quot;0&quot;,&quot;credit&quot;:&quot;&quot;,&quot;camera&quot;:&quot;&quot;,&quot;caption&quot;:&quot;&quot;,&quot;created_timestamp&quot;:&quot;0&quot;,&quot;copyright&quot;:&quot;&quot;,&quot;focal_length&quot;:&quot;0&quot;,&quot;iso&quot;:&quot;0&quot;,&quot;shutter_speed&quot;:&quot;0&quot;,&quot;title&quot;:&quot;&quot;,&quot;orientation&quot;:&quot;1&quot;}\" data-image-title=\"4 mains\" data-image-description=\"\" data-image-caption=\"\" data-large-file=\"https:\/\/i0.wp.com\/la-rechapee-belle.com\/wp-content\/uploads\/2017\/03\/4-mains.jpg?fit=594%2C385&amp;ssl=1\" \/>\t\t<\/li>\n\t\t\t\t<li class=\"sow-slider-image\" style=\"visibility: hidden;\" >\n\t\t\t\t\t\t<img loading=\"lazy\" decoding=\"async\" width=\"2700\" height=\"1728\" src=\"https:\/\/i0.wp.com\/la-rechapee-belle.com\/wp-content\/uploads\/2017\/03\/K.COLLIERBO-FLECHE-e1489838042527.jpg?fit=2700%2C1728&amp;ssl=1\" class=\"sow-slider-background-image\" alt=\"\" style=\"\" srcset=\"https:\/\/i0.wp.com\/la-rechapee-belle.com\/wp-content\/uploads\/2017\/03\/K.COLLIERBO-FLECHE-e1489838042527.jpg?w=2700&amp;ssl=1 2700w, https:\/\/i0.wp.com\/la-rechapee-belle.com\/wp-content\/uploads\/2017\/03\/K.COLLIERBO-FLECHE-e1489838042527.jpg?w=1500&amp;ssl=1 1500w, https:\/\/i0.wp.com\/la-rechapee-belle.com\/wp-content\/uploads\/2017\/03\/K.COLLIERBO-FLECHE-e1489838042527.jpg?w=2250&amp;ssl=1 2250w\" sizes=\"auto, (max-width: 750px) 100vw, 750px\" data-attachment-id=\"349\" data-permalink=\"https:\/\/la-rechapee-belle.com\/k-collierbo-fleche\/\" data-orig-file=\"https:\/\/i0.wp.com\/la-rechapee-belle.com\/wp-content\/uploads\/2017\/03\/K.COLLIERBO-FLECHE-e1489838042527.jpg?fit=2700%2C1728&amp;ssl=1\" data-orig-size=\"2700,1728\" data-comments-opened=\"1\" data-image-meta=\"{&quot;aperture&quot;:&quot;4.5&quot;,&quot;credit&quot;:&quot;&quot;,&quot;camera&quot;:&quot;Canon EOS 7D&quot;,&quot;caption&quot;:&quot;&quot;,&quot;created_timestamp&quot;:&quot;1482858086&quot;,&quot;copyright&quot;:&quot;&quot;,&quot;focal_length&quot;:&quot;32&quot;,&quot;iso&quot;:&quot;1600&quot;,&quot;shutter_speed&quot;:&quot;0.0166666666667&quot;,&quot;title&quot;:&quot;&quot;,&quot;orientation&quot;:&quot;1&quot;}\" data-image-title=\"K.COLLIER+BO FLECHE\" data-image-description=\"\" data-image-caption=\"\" data-large-file=\"https:\/\/i0.wp.com\/la-rechapee-belle.com\/wp-content\/uploads\/2017\/03\/K.COLLIERBO-FLECHE-e1489838042527.jpg?fit=750%2C480&amp;ssl=1\" \/>\t\t<\/li>\n\t\t\t\t<li class=\"sow-slider-image\" style=\"visibility: hidden;\" >\n\t\t\t\t\t\t\t\t<\/li>\n\t\t\t\t<li class=\"sow-slider-image\" style=\"visibility: hidden;\" >\n\t\t\t\t\t\t<img loading=\"lazy\" decoding=\"async\" width=\"600\" height=\"383\" src=\"https:\/\/i0.wp.com\/la-rechapee-belle.com\/wp-content\/uploads\/2017\/03\/K.COLLIERBO-BRINDILLES-POINTE.jpg?fit=600%2C383&amp;ssl=1\" class=\"sow-slider-background-image\" alt=\"\" style=\"\" srcset=\"https:\/\/i0.wp.com\/la-rechapee-belle.com\/wp-content\/uploads\/2017\/03\/K.COLLIERBO-BRINDILLES-POINTE.jpg?w=600&amp;ssl=1 600w, https:\/\/i0.wp.com\/la-rechapee-belle.com\/wp-content\/uploads\/2017\/03\/K.COLLIERBO-BRINDILLES-POINTE.jpg?resize=300%2C192&amp;ssl=1 300w\" sizes=\"auto, (max-width: 600px) 100vw, 600px\" data-attachment-id=\"348\" data-permalink=\"https:\/\/la-rechapee-belle.com\/k-collierbo-brindilles-pointe\/\" data-orig-file=\"https:\/\/i0.wp.com\/la-rechapee-belle.com\/wp-content\/uploads\/2017\/03\/K.COLLIERBO-BRINDILLES-POINTE.jpg?fit=600%2C383&amp;ssl=1\" data-orig-size=\"600,383\" data-comments-opened=\"1\" data-image-meta=\"{&quot;aperture&quot;:&quot;4.5&quot;,&quot;credit&quot;:&quot;&quot;,&quot;camera&quot;:&quot;Canon EOS 7D&quot;,&quot;caption&quot;:&quot;&quot;,&quot;created_timestamp&quot;:&quot;1482857797&quot;,&quot;copyright&quot;:&quot;&quot;,&quot;focal_length&quot;:&quot;29&quot;,&quot;iso&quot;:&quot;1600&quot;,&quot;shutter_speed&quot;:&quot;0.0166666666667&quot;,&quot;title&quot;:&quot;&quot;,&quot;orientation&quot;:&quot;1&quot;}\" data-image-title=\"K.COLLIER+BO BRINDILLES POINTE\" data-image-description=\"\" data-image-caption=\"\" data-large-file=\"https:\/\/i0.wp.com\/la-rechapee-belle.com\/wp-content\/uploads\/2017\/03\/K.COLLIERBO-BRINDILLES-POINTE.jpg?fit=600%2C383&amp;ssl=1\" \/>\t\t<\/li>\n\t\t<\/ul>\t\t\t\t<ol class=\"sow-slider-pagination\">\n\t\t\t\t\t\t\t\t\t\t\t<li><a href=\"#\" data-goto=\"0\" aria-label=\"Display slide 1\"><\/a><\/li>\n\t\t\t\t\t\t\t\t\t\t\t<li><a href=\"#\" data-goto=\"1\" aria-label=\"Display slide 2\"><\/a><\/li>\n\t\t\t\t\t\t\t\t\t\t\t<li><a href=\"#\" data-goto=\"2\" aria-label=\"Display slide 3\"><\/a><\/li>\n\t\t\t\t\t\t\t\t\t\t\t<li><a href=\"#\" data-goto=\"3\" aria-label=\"Display slide 4\"><\/a><\/li>\n\t\t\t\t\t\t\t\t\t<\/ol>\n\n\t\t\t\t<div class=\"sow-slide-nav sow-slide-nav-next\">\n\t\t\t\t\t<a href=\"#\" data-goto=\"next\" aria-label=\"Next slide\" data-action=\"next\">\n\t\t\t\t\t\t<em class=\"sow-sld-icon-thin-right\"><\/em>\n\t\t\t\t\t<\/a>\n\t\t\t\t<\/div>\n\n\t\t\t\t<div class=\"sow-slide-nav sow-slide-nav-prev\">\n\t\t\t\t\t<a href=\"#\" data-goto=\"previous\" aria-label=\"Previous slide\" data-action=\"prev\">\n\t\t\t\t\t\t<em class=\"sow-sld-icon-thin-left\"><\/em>\n\t\t\t\t\t<\/a>\n\t\t\t\t<\/div>\n\t\t\t\t<\/div><\/div><\/div><\/div><div id=\"pgc-60-1-1\"  class=\"panel-grid-cell\" ><div id=\"panel-60-1-1-0\" class=\"so-panel widget widget_sow-image panel-first-child panel-last-child\" data-index=\"2\" ><div\n\t\t\t\n\t\t\tclass=\"so-widget-sow-image so-widget-sow-image-default-8b5b6f678277-60\"\n\t\t\t\n\t\t>\n<div class=\"sow-image-container\">\n\t\t\t<a href=\"http:\/\/la-rechapee-belle.com\/index.php\/bijoux-en-chambre-a-air\/boucles-doreilles\/\"\n\t\t\t\t\t>\n\t\t\t<img \n\tsrc=\"https:\/\/i0.wp.com\/la-rechapee-belle.com\/wp-content\/uploads\/2018\/02\/BO-chambre-a-air-VOLUTE.jpg?fit=600%2C400&amp;ssl=1\" width=\"600\" height=\"400\" srcset=\"https:\/\/i0.wp.com\/la-rechapee-belle.com\/wp-content\/uploads\/2018\/02\/BO-chambre-a-air-VOLUTE.jpg?w=600&amp;ssl=1 600w, https:\/\/i0.wp.com\/la-rechapee-belle.com\/wp-content\/uploads\/2018\/02\/BO-chambre-a-air-VOLUTE.jpg?resize=300%2C200&amp;ssl=1 300w, https:\/\/i0.wp.com\/la-rechapee-belle.com\/wp-content\/uploads\/2018\/02\/BO-chambre-a-air-VOLUTE.jpg?resize=272%2C182&amp;ssl=1 272w\" title=\"Cliquez pour voir les boucles d&#039;oreilles\" alt=\"\" \t\tclass=\"so-widget-image\"\/>\n\t\t\t<\/a><\/div>\n\n<\/div><\/div><\/div><div id=\"pgc-60-1-2\"  class=\"panel-grid-cell\" ><div id=\"panel-60-1-2-0\" class=\"so-panel widget widget_sow-image panel-first-child panel-last-child\" data-index=\"3\" ><div\n\t\t\t\n\t\t\tclass=\"so-widget-sow-image so-widget-sow-image-default-8b5b6f678277-60\"\n\t\t\t\n\t\t>\n<div class=\"sow-image-container\">\n\t\t\t<a href=\"http:\/\/la-rechapee-belle.com\/index.php\/bijoux-en-chambre-a-air\/colliers\/\"\n\t\t\t\t\t>\n\t\t\t<img \n\tsrc=\"https:\/\/i0.wp.com\/la-rechapee-belle.com\/wp-content\/uploads\/2018\/02\/collier-chambre-a-air-BRINDILLE-POINTE.jpg?fit=600%2C383&amp;ssl=1\" width=\"600\" height=\"383\" srcset=\"https:\/\/i0.wp.com\/la-rechapee-belle.com\/wp-content\/uploads\/2018\/02\/collier-chambre-a-air-BRINDILLE-POINTE.jpg?w=600&amp;ssl=1 600w, https:\/\/i0.wp.com\/la-rechapee-belle.com\/wp-content\/uploads\/2018\/02\/collier-chambre-a-air-BRINDILLE-POINTE.jpg?resize=300%2C192&amp;ssl=1 300w\" title=\"Cliquez pour voir les colliers\" alt=\"\" \t\tclass=\"so-widget-image\"\/>\n\t\t\t<\/a><\/div>\n\n<\/div><\/div><\/div><div id=\"pgc-60-1-3\"  class=\"panel-grid-cell\" ><div id=\"panel-60-1-3-0\" class=\"so-panel widget widget_sow-image panel-first-child panel-last-child\" data-index=\"4\" ><div\n\t\t\t\n\t\t\tclass=\"so-widget-sow-image so-widget-sow-image-default-8b5b6f678277-60\"\n\t\t\t\n\t\t>\n<div class=\"sow-image-container\">\n\t\t\t<a href=\"http:\/\/la-rechapee-belle.com\/index.php\/bijoux-en-chambre-a-air\/bracelets\/\"\n\t\t\t\t\t>\n\t\t\t<img \n\tsrc=\"https:\/\/i0.wp.com\/la-rechapee-belle.com\/wp-content\/uploads\/2018\/02\/bracelet-chambre-a-air-fleche.jpg?fit=1500%2C1000&amp;ssl=1\" width=\"1500\" height=\"1000\" srcset=\"https:\/\/i0.wp.com\/la-rechapee-belle.com\/wp-content\/uploads\/2018\/02\/bracelet-chambre-a-air-fleche.jpg?w=1500&amp;ssl=1 1500w, https:\/\/i0.wp.com\/la-rechapee-belle.com\/wp-content\/uploads\/2018\/02\/bracelet-chambre-a-air-fleche.jpg?resize=300%2C200&amp;ssl=1 300w, https:\/\/i0.wp.com\/la-rechapee-belle.com\/wp-content\/uploads\/2018\/02\/bracelet-chambre-a-air-fleche.jpg?resize=768%2C512&amp;ssl=1 768w, https:\/\/i0.wp.com\/la-rechapee-belle.com\/wp-content\/uploads\/2018\/02\/bracelet-chambre-a-air-fleche.jpg?resize=1024%2C683&amp;ssl=1 1024w, https:\/\/i0.wp.com\/la-rechapee-belle.com\/wp-content\/uploads\/2018\/02\/bracelet-chambre-a-air-fleche.jpg?resize=600%2C400&amp;ssl=1 600w, https:\/\/i0.wp.com\/la-rechapee-belle.com\/wp-content\/uploads\/2018\/02\/bracelet-chambre-a-air-fleche.jpg?resize=272%2C182&amp;ssl=1 272w\" title=\"Cliquez pour voir les bracelets\" alt=\"\" \t\tclass=\"so-widget-image\"\/>\n\t\t\t<\/a><\/div>\n\n<\/div><\/div><\/div><\/div><div id=\"pg-60-2\"  class=\"panel-grid panel-no-style\" ><div id=\"pgc-60-2-0\"  class=\"panel-grid-cell\" ><div id=\"panel-60-2-0-0\" class=\"so-panel widget widget_sow-google-map panel-first-child panel-last-child\" data-index=\"5\" ><div\n\t\t\t\n\t\t\tclass=\"so-widget-sow-google-map so-widget-sow-google-map-default-6b23895f316e-60\"\n\t\t\t\n\t\t>\n<div class=\"sow-google-map-canvas\"\n\tstyle=\"\"\n\tid=\"map-canvas-7393f52483053a62b9e1f85136f136ba\"\n\tdata-options=\"{&quot;address&quot;:&quot;47.9466774, -2.6706412&quot;,&quot;zoom&quot;:12,&quot;mobileZoom&quot;:12,&quot;gestureHandling&quot;:&quot;greedy&quot;,&quot;disableUi&quot;:&quot;&quot;,&quot;markerIcon&quot;:false,&quot;markersDraggable&quot;:false,&quot;markerAtCenter&quot;:true,&quot;markerInfoDisplay&quot;:&quot;click&quot;,&quot;markerInfoMultiple&quot;:true,&quot;markerPositions&quot;:false,&quot;mapName&quot;:false,&quot;mapStyles&quot;:false,&quot;directions&quot;:&quot;&quot;,&quot;apiKey&quot;:&quot;AIzaSyAr20OYIvk5tAyIclJ0aau0P0Ci6JUXxYg&quot;,&quot;breakpoint&quot;:780,&quot;id&quot;:&quot;69e766&quot;}\"\n\tdata-fallback-image=\"{&quot;img&quot;:&quot;&quot;}\"><\/div>\n<\/div><\/div><\/div><div id=\"pgc-60-2-1\"  class=\"panel-grid-cell\" ><div id=\"panel-60-2-1-0\" class=\"so-panel widget widget_sow-editor panel-first-child\" data-index=\"6\" ><div\n\t\t\t\n\t\t\tclass=\"so-widget-sow-editor so-widget-sow-editor-base\"\n\t\t\t\n\t\t>\n<div class=\"siteorigin-widget-tinymce textwidget\">\n\t<\/div>\n<\/div><\/div><div id=\"panel-60-2-1-1\" class=\"so-panel widget widget_spacious_call_to_action_widget widget_call_to_action panel-last-child\" data-index=\"7\" >\t\t<div class=\"call-to-action-content-wrapper clearfix\">\r\n\t\t\t<div class=\"call-to-action-content\">\r\n\t\t\t\t\t\t\t<\/div>\r\n\t\t\t\t\t\t\t<a class=\"call-to-action-button\" href=\"http:\/\/la-rechapee-belle.com\/index.php\/accueil\/\" title=\"Contactez-nous\">Contactez-nous<\/a>\r\n\t\t\t\t\t\t<\/div>\r\n\t\t<\/div><\/div><\/div><\/div>","protected":false},"excerpt":{"rendered":"<p>Nous transformons de vieilles chambres \u00e0 air de v\u00e9los, voitures, camions et tracteurs en bijoux. Quel plus bel avenir offrir \u00e0 une pauvre vieille chambre \u00e0 air crev\u00e9e, que d&#8217;embellir encore plus une jolie femme. Voil\u00e0 notre fa\u00e7on \u00e0 nous<\/p>\n","protected":false},"author":1,"featured_media":0,"parent":0,"menu_order":0,"comment_status":"closed","ping_status":"closed","template":"","meta":{"_monsterinsights_skip_tracking":false,"_monsterinsights_sitenote_active":false,"_monsterinsights_sitenote_note":"","_monsterinsights_sitenote_category":0,"_uf_show_specific_survey":0,"_uf_disable_surveys":false,"jetpack_post_was_ever_published":false,"footnotes":""},"class_list":["post-60","page","type-page","status-publish","hentry"],"aioseo_notices":[],"jetpack_sharing_enabled":true,"jetpack_shortlink":"https:\/\/wp.me\/P8CAD0-Y","jetpack_likes_enabled":true,"jetpack-related-posts":[],"_links":{"self":[{"href":"https:\/\/la-rechapee-belle.com\/index.php\/wp-json\/wp\/v2\/pages\/60","targetHints":{"allow":["GET"]}}],"collection":[{"href":"https:\/\/la-rechapee-belle.com\/index.php\/wp-json\/wp\/v2\/pages"}],"about":[{"href":"https:\/\/la-rechapee-belle.com\/index.php\/wp-json\/wp\/v2\/types\/page"}],"author":[{"embeddable":true,"href":"https:\/\/la-rechapee-belle.com\/index.php\/wp-json\/wp\/v2\/users\/1"}],"replies":[{"embeddable":true,"href":"https:\/\/la-rechapee-belle.com\/index.php\/wp-json\/wp\/v2\/comments?post=60"}],"version-history":[{"count":40,"href":"https:\/\/la-rechapee-belle.com\/index.php\/wp-json\/wp\/v2\/pages\/60\/revisions"}],"predecessor-version":[{"id":1102,"href":"https:\/\/la-rechapee-belle.com\/index.php\/wp-json\/wp\/v2\/pages\/60\/revisions\/1102"}],"wp:attachment":[{"href":"https:\/\/la-rechapee-belle.com\/index.php\/wp-json\/wp\/v2\/media?parent=60"}],"curies":[{"name":"wp","href":"https:\/\/api.w.org\/{rel}","templated":true}]}}