{"id":239,"date":"2017-03-11T13:51:19","date_gmt":"2017-03-11T13:51:19","guid":{"rendered":"http:\/\/la-rechapee-belle.com\/?page_id=239"},"modified":"2022-06-25T11:11:34","modified_gmt":"2022-06-25T11:11:34","slug":"rechapee-belle-presentation","status":"publish","type":"page","link":"https:\/\/la-rechapee-belle.com\/","title":{"rendered":"La Rechap\u00e9e Belle &#8211; Pr\u00e9sentation"},"content":{"rendered":"<div id=\"pl-239\"  class=\"panel-layout\" ><div id=\"pg-239-0\"  class=\"panel-grid panel-no-style\" ><div id=\"pgc-239-0-0\"  class=\"panel-grid-cell\" ><div id=\"panel-239-0-0-0\" class=\"so-panel widget widget_sow-editor panel-first-child panel-last-child\" data-index=\"0\" ><div class=\"panel-widget-style panel-widget-style-for-239-0-0-0\" ><div\n\t\t\t\n\t\t\tclass=\"so-widget-sow-editor so-widget-sow-editor-base\"\n\t\t\t\n\t\t><h3 class=\"widget-title\">Cr\u00e9ations artisanales et originales<\/h3>\n<div class=\"siteorigin-widget-tinymce textwidget\">\n\t<h1 style=\"text-align: center;\"><em><strong>La Rechap\u00e9e Belle, quelle aventure...<\/strong><\/em><\/h1>\n<p style=\"text-align: center;\">Apr\u00e8s avoir pass\u00e9 30 ans de ma vie dans une PME, j'ai enfin choisi de laisser libre court \u00e0 mon<strong> imagination<\/strong> et \u00e0 ma<strong> cr\u00e9ativit\u00e9<\/strong>. Sachant que j'ai toujours eu un c\u00f4t\u00e9 <strong>baba-cool<\/strong>, que je suis tr\u00e8s sensible au <strong>respect de l'environnement<\/strong> et que j'ai un sens de l'\u00e9conomie et de la <strong>r\u00e9cup'<\/strong> exacerb\u00e9, j'ai d\u00e9cid\u00e9 de donner une seconde vie \u00e0 des <strong>mat\u00e9riaux condamn\u00e9s<\/strong>. Ajoutez \u00e0 cela le d\u00e9tournement d'objet mineur, voici la raison d'\u00eatre de <strong>La Rechap\u00e9e Belle, <\/strong>des<strong> cr\u00e9ations artisanales <\/strong>et<strong> originales <\/strong>faites d\u00e9sormais en Bretagne<strong>.<\/strong><\/p>\n<h2 style=\"text-align: center;\"><em><strong>Des mat\u00e9riaux originaux...<\/strong><\/em><\/h2>\n<p style=\"text-align: center;\">Pour l'instant, je travaille les <strong>chambres \u00e0 air<\/strong> et les m\u00e9tamorphoses en <strong>bijoux<\/strong>, en petite maroquinerie lorsque je les r\u00e9unis avec des chutes de cuir fantaisie et de tissus d'ameublement. Par ailleurs, je prends des\u00a0<strong>vieux disques 33 tours<\/strong> que je transforme en <strong><a href=\"http:\/\/la-rechapee-belle.com\/index.php\/horloges-en-vieux-33-tours\/\">horloges<\/a>, d\u00e9cos \u00e0 suspendre<\/strong>, et, avec les chutes... encore des bijoux. Cependant, les mati\u00e8res premi\u00e8res sont noires... donc, j'y associe des boutons, bouts de dentelles, capsules de caf\u00e9 et de bouteilles et toutes choses qui peuvent \u00e9gayer le mat\u00e9riau. Mais, n'oubliez pas, le noir reste malgr\u00e9 tout, toujours tr\u00e8s \"classe\".<\/p>\n<p style=\"text-align: center;\">Toutefois, pour moi, ces produits ne sont qu'un d\u00e9but, je suis constamment \u00e0 la recherche de <strong>nouvelles mati\u00e8res<\/strong>, \u00e0 condition qu'elles soient en fin de vie.<\/p>\n<h2 style=\"text-align: center;\"><em><strong>Promenez-vous sur le site...<\/strong><\/em><\/h2>\n<p style=\"text-align: center;\">Visitez mon site, regardez mes cr\u00e9ations et laissez vous s\u00e9duire. Mais n'oubliez jamais que la base est un <strong>produit usag\u00e9<\/strong> et que donc, s'il appara\u00eet une trace ou un d\u00e9faut, c'est normal, <strong>l'objet ayant d\u00e9j\u00e0 v\u00e9cu<\/strong> avant de finir entre mes mains. Les disques peuvent \u00eatre ray\u00e9s, les chambres \u00e0 air sont marqu\u00e9es, le cuir a \u00e9t\u00e9 repouss\u00e9 dans le premier choix de son acqu\u00e9reur, les capsules viennent de bouteilles qui ont \u00e9t\u00e9 bues, etc...<\/p>\n<p style=\"text-align: center;\"><span style=\"color: #0000ff;\">J'esp\u00e8re que vous prendrez autant de <strong>plaisir<\/strong> \u00e0 visiter mon site que j'en ai eu en fabriquant\u00a0<\/span><span style=\"color: #0000ff;\">ces objets.<\/span><\/p>\n<h2 style=\"text-align: center;\"><em><strong>Cr\u00e9ations artisanales et originales...<\/strong><\/em><\/h2>\n<\/div>\n<\/div><\/div><\/div><\/div><\/div><div id=\"pg-239-1\"  class=\"panel-grid panel-no-style\" ><div id=\"pgc-239-1-0\"  class=\"panel-grid-cell\" ><div id=\"panel-239-1-0-0\" class=\"so-panel widget widget_sow-image panel-first-child panel-last-child\" data-index=\"1\" ><div\n\t\t\t\n\t\t\tclass=\"so-widget-sow-image so-widget-sow-image-default-8b5b6f678277-239\"\n\t\t\t\n\t\t>\n<div class=\"sow-image-container\">\n\t\t\t<a href=\"http:\/\/la-rechapee-belle.com\/index.php\/bijoux-en-chambre-a-air\/bracelets\/\"\n\t\t\ttarget=\"_blank\" rel=\"noopener noreferrer\" \t\t>\n\t\t\t<img \n\tsrc=\"https:\/\/i0.wp.com\/la-rechapee-belle.com\/wp-content\/uploads\/2018\/02\/bracelet-chambre-a-air-fleche.jpg?fit=1500%2C1000&amp;ssl=1\" width=\"1500\" height=\"1000\" srcset=\"https:\/\/i0.wp.com\/la-rechapee-belle.com\/wp-content\/uploads\/2018\/02\/bracelet-chambre-a-air-fleche.jpg?w=1500&amp;ssl=1 1500w, https:\/\/i0.wp.com\/la-rechapee-belle.com\/wp-content\/uploads\/2018\/02\/bracelet-chambre-a-air-fleche.jpg?resize=300%2C200&amp;ssl=1 300w, https:\/\/i0.wp.com\/la-rechapee-belle.com\/wp-content\/uploads\/2018\/02\/bracelet-chambre-a-air-fleche.jpg?resize=768%2C512&amp;ssl=1 768w, https:\/\/i0.wp.com\/la-rechapee-belle.com\/wp-content\/uploads\/2018\/02\/bracelet-chambre-a-air-fleche.jpg?resize=1024%2C683&amp;ssl=1 1024w, https:\/\/i0.wp.com\/la-rechapee-belle.com\/wp-content\/uploads\/2018\/02\/bracelet-chambre-a-air-fleche.jpg?resize=600%2C400&amp;ssl=1 600w, https:\/\/i0.wp.com\/la-rechapee-belle.com\/wp-content\/uploads\/2018\/02\/bracelet-chambre-a-air-fleche.jpg?resize=272%2C182&amp;ssl=1 272w\" title=\"Bracelet chambre \u00e0 air Fl\u00e8che\" alt=\"Bracelet chambre \u00e0 air Fl\u00e8che cr\u00e9ations artisanales\" \t\tclass=\"so-widget-image\"\/>\n\t\t\t<\/a><\/div>\n\n<\/div><\/div><\/div><div id=\"pgc-239-1-1\"  class=\"panel-grid-cell\" ><div id=\"panel-239-1-1-0\" class=\"so-panel widget widget_sow-image panel-first-child panel-last-child\" data-index=\"2\" ><div\n\t\t\t\n\t\t\tclass=\"so-widget-sow-image so-widget-sow-image-default-8b5b6f678277-239\"\n\t\t\t\n\t\t>\n<div class=\"sow-image-container\">\n\t\t\t<a href=\"http:\/\/la-rechapee-belle.com\/index.php\/horloges-en-vieux-33-tours\/\"\n\t\t\ttarget=\"_blank\" rel=\"noopener noreferrer\" \t\t>\n\t\t\t<img \n\tsrc=\"https:\/\/i0.wp.com\/la-rechapee-belle.com\/wp-content\/uploads\/2018\/02\/HORLOGE-VINYLE-PIANO.jpg?fit=600%2C600&amp;ssl=1\" width=\"600\" height=\"600\" srcset=\"https:\/\/i0.wp.com\/la-rechapee-belle.com\/wp-content\/uploads\/2018\/02\/HORLOGE-VINYLE-PIANO.jpg?w=600&amp;ssl=1 600w, https:\/\/i0.wp.com\/la-rechapee-belle.com\/wp-content\/uploads\/2018\/02\/HORLOGE-VINYLE-PIANO.jpg?resize=150%2C150&amp;ssl=1 150w, https:\/\/i0.wp.com\/la-rechapee-belle.com\/wp-content\/uploads\/2018\/02\/HORLOGE-VINYLE-PIANO.jpg?resize=300%2C300&amp;ssl=1 300w, https:\/\/i0.wp.com\/la-rechapee-belle.com\/wp-content\/uploads\/2018\/02\/HORLOGE-VINYLE-PIANO.jpg?resize=270%2C270&amp;ssl=1 270w, https:\/\/i0.wp.com\/la-rechapee-belle.com\/wp-content\/uploads\/2018\/02\/HORLOGE-VINYLE-PIANO.jpg?resize=230%2C230&amp;ssl=1 230w\" title=\"Horloge vinyle Piano\" alt=\"Horloge vinyle Piano, cr\u00e9ation artisanale\" \t\tclass=\"so-widget-image\"\/>\n\t\t\t<\/a><\/div>\n\n<\/div><\/div><\/div><div id=\"pgc-239-1-2\"  class=\"panel-grid-cell\" ><div id=\"panel-239-1-2-0\" class=\"so-panel widget widget_spacious_call_to_action_widget widget_call_to_action panel-first-child panel-last-child\" data-index=\"3\" >\t\t<div class=\"call-to-action-content-wrapper clearfix\">\r\n\t\t\t<div class=\"call-to-action-content\">\r\n\t\t\t\t\t\t\t<\/div>\r\n\t\t\t\t\t\t\t<a class=\"call-to-action-button\" href=\"http:\/\/la-rechapee-belle.com\/index.php\/accueil\/\" title=\"Nous contacter\">Nous contacter<\/a>\r\n\t\t\t\t\t\t<\/div>\r\n\t\t<\/div><\/div><\/div><\/div>","protected":false},"excerpt":{"rendered":"<p>La Rechap\u00e9e Belle, quelle aventure&#8230; Apr\u00e8s avoir pass\u00e9 30 ans de ma vie dans une PME, j&rsquo;ai enfin choisi de laisser libre court \u00e0 mon imagination et \u00e0 ma cr\u00e9ativit\u00e9. Sachant que j&rsquo;ai toujours eu un c\u00f4t\u00e9 baba-cool, que je<\/p>\n","protected":false},"author":1,"featured_media":0,"parent":0,"menu_order":0,"comment_status":"closed","ping_status":"closed","template":"","meta":{"_monsterinsights_skip_tracking":false,"_monsterinsights_sitenote_active":false,"_monsterinsights_sitenote_note":"","_monsterinsights_sitenote_category":0,"_uf_show_specific_survey":0,"_uf_disable_surveys":false,"jetpack_post_was_ever_published":false,"footnotes":""},"class_list":["post-239","page","type-page","status-publish","hentry"],"aioseo_notices":[],"jetpack_sharing_enabled":true,"jetpack_shortlink":"https:\/\/wp.me\/P8CAD0-3R","jetpack_likes_enabled":true,"jetpack-related-posts":[],"_links":{"self":[{"href":"https:\/\/la-rechapee-belle.com\/index.php\/wp-json\/wp\/v2\/pages\/239","targetHints":{"allow":["GET"]}}],"collection":[{"href":"https:\/\/la-rechapee-belle.com\/index.php\/wp-json\/wp\/v2\/pages"}],"about":[{"href":"https:\/\/la-rechapee-belle.com\/index.php\/wp-json\/wp\/v2\/types\/page"}],"author":[{"embeddable":true,"href":"https:\/\/la-rechapee-belle.com\/index.php\/wp-json\/wp\/v2\/users\/1"}],"replies":[{"embeddable":true,"href":"https:\/\/la-rechapee-belle.com\/index.php\/wp-json\/wp\/v2\/comments?post=239"}],"version-history":[{"count":38,"href":"https:\/\/la-rechapee-belle.com\/index.php\/wp-json\/wp\/v2\/pages\/239\/revisions"}],"predecessor-version":[{"id":1095,"href":"https:\/\/la-rechapee-belle.com\/index.php\/wp-json\/wp\/v2\/pages\/239\/revisions\/1095"}],"wp:attachment":[{"href":"https:\/\/la-rechapee-belle.com\/index.php\/wp-json\/wp\/v2\/media?parent=239"}],"curies":[{"name":"wp","href":"https:\/\/api.w.org\/{rel}","templated":true}]}}